he prime factors of m(v)?
3, 19
List the prime factors of 1392066/108 + (-5)/(-2).
2, 11, 293
Suppose -5*h - 2*u = -6, 5*h + 13*u - 16*u + 9 = 0. Suppose -j + 1 = h, j - 331 = 5*q - 2075. List the prime factors of q.
349
Suppose 0 = 2*a + 2*g + 2, 4*g - g + 21 = 3*a. Suppose 5*r + 212 = -2*k, 5*k + 156 = -a*r - r. List the prime factors of (-49)/(-14)*r/(-2).
7, 11
Let j(x) = -x**2 - x + 4. Let b be j(-8). Let l = 55 + b. Suppose -3*w + r = -0*r - 153, 3*w - 153 = l*r. List the prime factors of w.
3, 17
Let t = 11 + 13. Suppose -20*y - 1608 = -t*y. List the prime factors of y.
2, 3, 67
Let o = 176 - 177. Let g(b) = -396*b**3 + b**2. List the prime factors of g(o).
397
Suppose 2*f - 33 = -b - 4*b, 2*f = -2*b + 18. Suppose 2*y - 6*y + 73 = b*l, l - 17 = -y. What are the prime factors of y?
2, 3
Suppose -12470 = -3*s - 2*c, 98*c - 93*c - 8339 = -2*s. What are the prime factors of s?
2, 3, 173
Let b(p) = 4*p - 5. Let k be b(2). Let l(v) = -5*v + 24. Let d be l(k). Suppose 13*t - d*t = 88. What are the prime factors of t?
2, 11
Suppose -3*z - 2*h = -7, 7*h - 4 = -z + 8*h. Suppose -2*d + 2*m + 922 = 3*d, d - 198 = -z*m. List the prime factors of d.
2, 3, 31
Let r be (66 - -1) + (-10)/(-2). Let g = r - 86. Let n = 17 - g. List the prime factors of n.
31
Suppose 104*d = 129*d - 66050. What are the prime factors of d?
2, 1321
Let h = 34 - 31. Suppose -h*x = 6*x + x. Suppose 3*y + 4*o - 203 = x, -7*o = 2*y - 4*o - 137. What are the prime factors of y?
61
Suppose -4*z - 4*r + 22764 = 0, 33*z - 36*z = r - 17079. What are the prime factors of z?
2, 3, 13, 73
Suppose -2*q + 3*q = 364. Suppose 3*j - 4*s - 387 = q, 4*s = -2*j + 474. Suppose -5*v + 623 = -2*x, -2*x = -2*v + 3*x + j. What are the prime factors of v?
5
List the prime factors of 549093/206*(-160)/(-15).
2, 1777
Suppose -2*u + 13 = -2*h + 3, -5*h = 4*u - 2. What are the prime factors of (-81 + -6)*2/h?
3, 29
Suppose -48116 = -148*h + 48380. List the prime factors of h.
2, 163
Suppose 70 + 131 = -3*n. Let l = 65 + n. What are the prime factors of (17/l - -2)*-8?
2, 13
Let j be (2 - 3)/((-3)/12). Suppose -11*a + 9*a + 4*t = -324, 5*t = -j*a + 700. What are the prime factors of a?
2, 5, 17
Let w be 20/15*321 + 0. Suppose -764 - w = -4*k. List the prime factors of k.
2, 149
Suppose 9*g = -312 - 3675. Let i = -284 - g. List the prime factors of i.
3, 53
Suppose -2*y - 2698 = -5*r, 3*y = r - 2*y - 535. Suppose 2*u - r = -10*u. Suppose -u = -w + 30. What are the prime factors of w?
3, 5
Suppose 0 = -5*a + f + 1234 + 1790, f - 600 = -a. Let b = a - 301. List the prime factors of b.
3, 101
Let p(z) = -2*z**3 + 24*z**2 - 99*z - 47. Let k(f) = f**3 - 13*f**2 + 49*f + 24. Let r(n) = -13*k(n) - 6*p(n). What are the prime factors of r(23)?
3, 13
Suppose 0 = -5*y + 5, -2*y = 63*k - 64*k + 6. What are the prime factors of 69433/35 + k/40?
2, 31
List the prime factors of 9 + -20 + 31 - -52480.
2, 3, 5, 7
Let w(f) = -f**2 + 9*f + 4. Let v be w(9). Let y be ((-50)/6)/(v/(-36)). What are the prime factors of ((-10)/(-15))/((4/y)/2)?
5
Suppose -26*d + 21*d + 75 = 0. Suppose -d*g + 835 + 1670 = 0. List the prime factors of g.
167
Suppose 0 = -261*x + 265*x + 8, -5*p - 5*x + 25120 = 0. What are the prime factors of p?
2, 7, 359
Let b be (-5152)/(-7) + (7 - 2). Suppose -1879 = -5*k + b. What are the prime factors of k?
2, 131
Let v = 3758 - -2967. What are the prime factors of v?
5, 269
Let u(d) = -18*d**3 - d**2 + 8*d - 33. Let i(o) = 37*o**3 + 2*o**2 - 18*o + 65. Let j(q) = 3*i(q) + 5*u(q). List the prime factors of j(2).
2, 3, 29
Let c(j) = -64*j - 220. List the prime factors of c(-9).
2, 89
Let s(m) = -3*m**3 - m**2 + 26*m + 7. Suppose 37*h - 25*h + 72 = 0. What are the prime factors of s(h)?
463
Suppose 25 = 5*v + 30, -5*i + v + 26 = 0. Suppose -i*w = 83*m - 79*m - 2850, 2*m - 1438 = 4*w. List the prime factors of m.
5, 11, 13
Suppose -5*z = -2432 - 793. Let j = z - 381. List the prime factors of j.
2, 3, 11
Suppose -305512 = -26*z - 56744. List the prime factors of z.
2, 13, 23
List the prime factors of (-4147702)/(-65) - (-36)/180.
11, 5801
Suppose -8 = 2*u, -2*u + 34 = -2*a + 110. Suppose 2460 = -a*g + 40*g. List the prime factors of g.
2, 5, 41
Suppose -70*p = -l - 66*p + 64947, 0 = 2*p - 8. What are the prime factors of l?
167, 389
Let b = -13 - 31. Let v be (-2)/(-1) - (25 - 1). Let c = v - b. What are the prime factors of c?
2, 11
Let j = -1003 + 3531. List the prime factors of j.
2, 79
Let b(g) = -70*g - 168. Let o be b(-6). Let w(c) = -c**3 - 6*c**2 - c - 5. Let h be w(-6). List the prime factors of o/14 - h*3.
3, 5
Let d(s) = -166*s**2 - 4*s - 3. Let u(r) = 166*r**2 + 4*r + 3. Let o(k) = -4*d(k) - 3*u(k). Let q be (6/15)/((-4)/40*4). List the prime factors of o(q).
3, 5, 11
Let z = 70573 + -23341. What are the prime factors of (-1 + (-1)/(-4))/((-41)/z)?
2, 3
Suppose c - 2*c = -3*i + 14, -3*c + 18 = i. Let k be 8/(-4) - i/(-3). Suppose 2*q = 3*a + 190, 5*q + 5*a + k*a = 500. List the prime factors of q.
2, 7
Suppose 15*n = -n - 928. Let b = 197 + n. List the prime factors of b.
139
Let w(z) = z**2 - 8*z + 14. Let v be w(2). Suppose -v*r + 17 - 13 = 0. Suppose -3*p = 3*u - 597, 0 = r*u + 4*p - 8*p - 386. List the prime factors of u.
197
Suppose 2*s - 5235 = -5*a - 1698, 0 = 3*s - a - 5246. What are the prime factors of s?
17, 103
Let v be 1452/14 - (-11)/(77/2). Let n(o) = -o**3 + 6*o**2 - 3*o - 5. Let i be n(5). Suppose i*w = 71 + v. List the prime factors of w.
5, 7
Let i(k) = -1626*k - 4183. What are the prime factors of i(-18)?
5, 29, 173
Let b(n) be the third derivative of -5/6*n**3 + 0 - 1/4*n**4 - 8*n**2 + 0*n. List the prime factors of b(-10).
5, 11
Let o be (6875/(-15) + -5)/(2/(-6)). Suppose o = -13*n + 11803. List the prime factors of n.
3, 89
What are the prime factors of (14697/36)/((-6)/(-144))?
2, 3, 23, 71
Let i(w) = -101*w + 6. Let f be i(-1). Let y = 107 - f. Suppose 858 = 4*c + q, y = -2*c + q + 386 + 40. List the prime factors of c.
2, 107
Let v = -205 - -703. Let y = 777 - v. What are the prime factors of y?
3, 31
Suppose -25*s + 20*s + 9400 = 0. Suppose s = 3*a - 769. What are the prime factors of a?
883
Let c = -4073 + 8047. What are the prime factors of c?
2, 1987
List the prime factors of -1 + 5 + (7101 - 72).
13, 541
Let v be 0 + 5 + 2 + -5. What are the prime factors of (v*(-151)/2)/(50 - 51)?
151
Suppose 5*o + 7052 - 24619 = -3*t, 12 = 3*o. What are the prime factors of t?
5849
Let w(j) = 3*j - 17. Let q be w(5). Let v be (-5 - (-25)/(-15))*3/q. What are the prime factors of 194/v*(-6 + 11)?
97
Let c(i) = 9*i + 10. Suppose -33 = -4*u + 15. List the prime factors of c(u).
2, 59
Let m be 4/14 + (815/(-35) - -4). Let i = 19 + m. Suppose -207 = -3*h + x + 118, 5*h + x - 531 = i. What are the prime factors of h?
107
Let h(z) be the first derivative of 29*z**3/3 - 17*z**2/2 + 12*z - 14. Let o(k) be the first derivative of h(k). List the prime factors of o(3).
157
Let y(z) = 914*z**2 - 21*z - 11. What are the prime factors of y(3)?
2, 1019
Suppose 0 = 4*p - 2637 - 22971. What are the prime factors of p?
2, 3, 11, 97
Let s = 14 + -17. List the prime factors of -1689*s*2/18.
563
Let z = -12 - -10. What are the prime factors of (z - (-2 - -5)) + 342?
337
Let p = 36418 + -22737. List the prime factors of p.
13681
Suppose -9*i - 9374 = -f + 2*i, -5*i = 5*f - 46570. List the prime factors of f.
9319
List the prime factors of 21/(-56) + (-65937)/(-24).
41, 67
Let d = -142 + 139. What are the prime factors of -6*((-46)/d)/(-4 + 3)?
2, 23
Let b(k) = -15*k + 153. Let c be b(10). Suppose -4*d + 316 = c*l, 5*l + 9*d = 8*d + 538. List the prime factors of l.
2, 3
Let g = 1378 - -4980. What are the prime factors of g?
2, 11, 17
List the prime factors of (-2)/((-121416)/20235 - (12 - 18)).
5, 19, 71
Suppose -49*l + 532 = -11*l. Suppose -4*j + 1675 = i, 0 = -2*i - l*j + 17*j + 3295. What are the prime factors of i?
5, 331
Suppose 5 = v, -2*t + 2*v - 15 = -3*t. Suppose b = -4*k + 241, t*b + 0*k - 1190 = -5*k. What are the prime factors of b?
3, 79
Let v(x) be the second derivative of 9*x**5/10 + 5*x**4/12 + x**3 - 3*x**2 + 21*x. Let d be v(3). Suppose b = 4*b - d. List the prime factors of b.
181
Suppose 5*h + 130174 = 19*h - 48830. List the prime factors of h.
2, 3, 2131
Suppose 0 = 4*k + 4*l - 15